mmon divisor of 25242 and 504?
42
What is the highest common factor of 1875 and 15600?
75
What is the greatest common divisor of 519700 and 200?
100
Calculate the greatest common factor of 280 and 16040.
40
What is the highest common factor of 86829 and 309?
309
Calculate the greatest common factor of 1113 and 788375.
371
What is the greatest common factor of 32625 and 165?
15
What is the highest common factor of 26646 and 42?
6
What is the greatest common factor of 13812729 and 777?
777
Calculate the greatest common factor of 168 and 48594.
42
Calculate the highest common factor of 11783231 and 71.
71
Calculate the greatest common factor of 324636 and 260.
52
Calculate the highest common divisor of 17480 and 1064.
152
Calculate the greatest common divisor of 357 and 161364.
357
Calculate the highest common divisor of 101548 and 6996.
212
Calculate the highest common divisor of 36087 and 751551.
1569
Calculate the highest common factor of 1309 and 39882.
17
What is the greatest common divisor of 16484 and 4316?
52
Calculate the highest common factor of 100031 and 8643.
67
Calculate the greatest common factor of 88156 and 40.
4
What is the greatest common factor of 1988 and 52276?
28
What is the highest common divisor of 768 and 4416?
192
Calculate the greatest common divisor of 1096 and 50.
2
Calculate the greatest common factor of 7303 and 73.
1
What is the greatest common divisor of 23936 and 54?
2
What is the highest common factor of 48 and 19376?
16
What is the highest common factor of 2126656 and 2240?
448
Calculate the greatest common divisor of 305668 and 132.
44
Calculate the greatest common divisor of 3528704 and 4096.
2048
What is the greatest common divisor of 2014 and 27136?
106
Calculate the greatest common divisor of 23625 and 18.
9
What is the highest common divisor of 2914 and 1422?
2
Calculate the highest common factor of 3886 and 4154.
134
Calculate the highest common divisor of 25635 and 5.
5
What is the greatest common factor of 351 and 261963?
117
What is the greatest common factor of 726354 and 54?
54
Calculate the greatest common factor of 5103 and 1477.
7
Calculate the highest common factor of 18 and 439182.
18
Calculate the highest common divisor of 18950 and 8.
2
What is the greatest common factor of 3000 and 1896?
24
Calculate the highest common factor of 3632 and 3960.
8
Calculate the highest common divisor of 9 and 21873.
3
Calculate the highest common factor of 242184 and 24.
24
What is the greatest common factor of 61975 and 740?
185
What is the highest common divisor of 1633 and 2944?
23
What is the greatest common factor of 154262 and 117104?
1126
What is the greatest common divisor of 4167 and 441?
9
Calculate the highest common factor of 1235 and 30628.
247
What is the highest common divisor of 15786 and 162?
18
What is the highest common divisor of 5115 and 33?
33
Calculate the greatest common divisor of 326 and 111818.
326
What is the highest common divisor of 322 and 14914?
2
What is the greatest common factor of 89421 and 5816?
727
What is the highest common divisor of 578772 and 4?
4
What is the greatest common factor of 3060381 and 2133?
237
Calculate the highest common divisor of 88929 and 74469.
723
What is the highest common divisor of 3913805 and 11725?
2345
Calculate the greatest common factor of 1430 and 1222.
26
What is the greatest common divisor of 56423 and 17?
17
What is the highest common factor of 13428 and 1404?
36
Calculate the highest common divisor of 8271836 and 6621.
2207
What is the highest common divisor of 35715 and 285?
15
Calculate the greatest common factor of 91289 and 8685.
193
What is the highest common divisor of 11106 and 36?
18
What is the greatest common divisor of 28755 and 90?
45
Calculate the highest common divisor of 737 and 2321.
11
What is the greatest common divisor of 60 and 343605?
15
What is the highest common divisor of 187 and 45951?
17
What is the greatest common factor of 1310 and 530?
10
What is the greatest common factor of 4554 and 1116?
18
What is the highest common factor of 161 and 18543?
7
Calculate the highest common factor of 112328 and 12616.
152
Calculate the greatest common factor of 110741 and 511.
73
What is the greatest common factor of 2225 and 2?
1
Calculate the highest common factor of 88 and 1264208.
88
Calculate the highest common divisor of 186 and 2846978.
62
Calculate the greatest common factor of 236 and 1390394.
118
What is the highest common divisor of 3016 and 9802?
754
What is the greatest common divisor of 56 and 16030?
14
Calculate the greatest common divisor of 164437 and 845.
169
What is the highest common factor of 731 and 34?
17
What is the highest common factor of 914355 and 9?
9
Calculate the greatest common divisor of 13361643 and 207.
207
Calculate the greatest common divisor of 11 and 64537.
11
What is the highest common factor of 1029 and 69447?
21
Calculate the greatest common factor of 59925 and 75.
75
What is the greatest common divisor of 33 and 80?
1
What is the highest common divisor of 344474 and 156?
26
Calculate the highest common divisor of 2326457 and 71.
71
What is the greatest common factor of 3873975 and 175?
175
Calculate the greatest common divisor of 47205 and 6885.
45
Calculate the greatest common factor of 70 and 39032.
14
What is the greatest common factor of 260733 and 66?
33
What is the greatest common factor of 774510 and 1430?
110
What is the highest common divisor of 40976 and 2704?
208
Calculate the greatest common divisor of 251797 and 455.
91
Calculate the highest common divisor of 149877 and 702.
351
Calculate the greatest common divisor of 395 and 213537.
79
What is the greatest common factor of 39 and 64857?
39
What is the greatest common divisor of 632071 and 814?
407
What is the highest common divisor of 42 and 3052?
14
Calculate the highest common divisor of 72 and 2083344.
24
Calculate the greatest common divisor of 597 and 701873.
199
What is the greatest common divisor of 609384 and 336?
24
What is the highest common divisor of 88 and 2398?
22
What is the greatest common factor of 8927 and 9717?
79
Calculate the greatest common factor of 57840 and 636.
12
Calculate the greatest common factor of 63105 and 735.
105
Calculate the highest common divisor of 1176 and 1011.
3
Calculate the greatest common factor of 2042461 and 433.
433
Calculate the highest common divisor of 39481 and 91.
13
What is the greatest common divisor of 370916 and 364?
364
Calculate the greatest common divisor of 361361 and 99.
11
Calculate the greatest common divisor of 16610 and 242.
22
What is the greatest common divisor of 435 and 5745?
15
What is the greatest common divisor of 13098 and 518?
74
Calculate the greatest common factor of 11277 and 1260.
63
Calculate the highest common divisor of 608 and 7712.
32
What is the greatest common divisor of 160358 and 222?
74
Calculate the highest common divisor of 1620 and 67680.
180
Calculate the highest common factor of 124 and 10420.
4
What is the highest common factor of 6 and 2932?
2
Calculate the highest common factor of 238 and 448784.
14
Calculate the greatest common divisor of 717969 and 14.
7
Calculate the greatest common divisor of 1755 and 90207.
351
Calculate the highest common divisor of 8424 and 48.
24
Calculate the greatest common factor of 2227410 and 90.
90
What is the highest common divisor of 64144 and 4256?
304
What is the greatest common factor of 5252 and 388?
4
Calculate the greatest common divisor of 120 and 1016.
8
Calculate the highest common divisor of 7055 and 81685.
85
What is the greatest common factor of 28176 and 179035?
587
What is the greatest common factor of 2540832 and 96?
96
What is the highest common factor of 135002 and 14?
14
Calculate the greatest common divisor of 21 and 4697.
7
Calculate the highest common divisor of 20370 and 420.
210
What is the greatest common divisor of 123225 and 155?
155
Calculate the greatest common factor of 2055 and 301400.
685
Calculate the highest common factor of 11403 and 2896.
181
Calculate the greatest common factor of 4900 and 447125.
1225
What is the greatest common factor of 15252 and 4428?
492
Calculate the greatest common divisor of 505 and 35.
5
Calculate the greatest common diviso